housands digit of 2684838989?
8
What is the ten thousands digit of 63988411?
8
What is the hundred millions digit of 1143604896?
1
What is the hundreds digit of 1161935199?
1
What is the hundreds digit of 612145717?
7
What is the tens digit of 81811938?
3
What is the hundred thousands digit of 656475805?
4
What is the ten millions digit of 19817658?
1
What is the units digit of 418110510?
0
What is the thousands digit of 15905678?
5
What is the millions digit of 9585415?
9
What is the ten millions digit of 245041331?
4
What is the thousands digit of 21983127?
3
What is the tens digit of 1063648590?
9
What is the hundred millions digit of 2242519150?
2
What is the thousands digit of 274053235?
3
What is the ten thousands digit of 1236684046?
8
What is the ten millions digit of 19254043?
1
What is the tens digit of 704192?
9
What is the hundred thousands digit of 7257139634?
1
What is the hundreds digit of 96729071?
0
What is the hundred thousands digit of 3522708?
5
What is the hundred thousands digit of 91255672?
2
What is the units digit of 21378617?
7
What is the units digit of 16556760?
0
What is the hundred thousands digit of 107239909?
2
What is the ten millions digit of 103215299?
0
What is the ten thousands digit of 585981?
8
What is the tens digit of 541151303?
0
What is the units digit of 78272341?
1
What is the hundred thousands digit of 27938829?
9
What is the ten thousands digit of 619503220?
0
What is the units digit of 537573038?
8
What is the billions digit of 5667433645?
5
What is the millions digit of 203815070?
3
What is the ten millions digit of 67633296?
6
What is the millions digit of 10620491?
0
What is the hundreds digit of 225945013?
0
What is the units digit of 16065485?
5
What is the hundreds digit of 234848414?
4
What is the hundreds digit of 35691704?
7
What is the hundred thousands digit of 12615953?
6
What is the hundred thousands digit of 27832170?
8
What is the hundred millions digit of 2153917674?
1
What is the hundred millions digit of 3665455943?
6
What is the ten thousands digit of 133848654?
4
What is the hundred millions digit of 638795504?
6
What is the units digit of 296117246?
6
What is the hundreds digit of 7867510?
5
What is the units digit of 1030383477?
7
What is the billions digit of 2035841438?
2
What is the hundred thousands digit of 113370586?
3
What is the hundred thousands digit of 549037808?
0
What is the tens digit of 33767219?
1
What is the tens digit of 205504341?
4
What is the millions digit of 45385426?
5
What is the units digit of 4596404906?
6
What is the hundred thousands digit of 36077372?
0
What is the ten millions digit of 1358488060?
5
What is the hundred millions digit of 771984865?
7
What is the hundred thousands digit of 218600763?
6
What is the millions digit of 135460802?
5
What is the hundred thousands digit of 1410687929?
6
What is the units digit of 1510056147?
7
What is the millions digit of 154247209?
4
What is the units digit of 1692882246?
6
What is the hundred thousands digit of 533994172?
9
What is the ten millions digit of 31971877?
3
What is the ten thousands digit of 997728630?
2
What is the millions digit of 19323819?
9
What is the ten thousands digit of 158812003?
1
What is the millions digit of 1488166192?
8
What is the hundreds digit of 589025413?
4
What is the billions digit of 4777085368?
4
What is the ten thousands digit of 7663669585?
6
What is the millions digit of 172586184?
2
What is the thousands digit of 3090127131?
7
What is the millions digit of 2726366923?
6
What is the hundred millions digit of 4494206117?
4
What is the hundred millions digit of 276767113?
2
What is the hundred thousands digit of 663748333?
7
What is the tens digit of 9027610764?
6
What is the ten thousands digit of 55017309?
1
What is the thousands digit of 52316593?
6
What is the ten thousands digit of 111416372?
1
What is the ten millions digit of 106648231?
0
What is the units digit of 2203562339?
9
What is the hundred thousands digit of 157393586?
3
What is the hundred millions digit of 128795230?
1
What is the ten millions digit of 1655512329?
5
What is the ten thousands digit of 4734811383?
1
What is the tens digit of 1402536568?
6
What is the thousands digit of 42137176?
7
What is the thousands digit of 173640688?
0
What is the units digit of 1159173352?
2
What is the thousands digit of 4612023597?
3
What is the ten thousands digit of 2739674484?
7
What is the tens digit of 195967214?
1
What is the hundred millions digit of 160484693?
1
What is the tens digit of 10319479?
7
What is the ten thousands digit of 42940935?
4
What is the tens digit of 84099881?
8
What is the billions digit of 2240474356?
2
What is the ten thousands digit of 32672621?
7
What is the thousands digit of 46729385?
9
What is the tens digit of 403713931?
3
What is the hundreds digit of 338398916?
9
What is the millions digit of 144902544?
4
What is the ten thousands digit of 2732800485?
0
What is the units digit of 129698670?
0
What is the units digit of 480995126?
6
What is the units digit of 95546502?
2
What is the hundred thousands digit of 1184285772?
2
What is the thousands digit of 2649875296?
5
What is the tens digit of 475629364?
6
What is the ten thousands digit of 5683787702?
8
What is the thousands digit of 5041516637?
6
What is the ten thousands digit of 262742371?
4
What is the units digit of 140347858?
8
What is the ten thousands digit of 522005007?
0
What is the units digit of 3969725499?
9
What is the units digit of 917525814?
4
What is the hundred thousands digit of 454975009?
9
What is the hundred thousands digit of 606387242?
3
What is the tens digit of 956081338?
3
What is the hundreds digit of 39290762?
7
What is the hundred thousands digit of 16072656?
0
What is the hundreds digit of 100431253?
2
What is the ten thousands digit of 25780224?
8
What is the units digit of 4392716003?
3
What is the millions digit of 186004721?
6
What is the hundred thousands digit of 399634415?
6
What is the ten thousands digit of 232796683?
9
What is the hundred millions digit of 240350154?
2
What is the hundred millions digit of 115831134?
1
What is the millions digit of 155636601?
5
What is the tens digit of 3242700347?
4
What is the thousands digit of 41917125?
7
What is the ten thousands digit of 289918876?
1
What is the tens digit of 1443051219?
1
What is the millions digit of 392603468?
2
What is the millions digit of 91324604?
1
What is the tens digit of 38818507?
0
What is the units digit of 76017933?
3
What is the tens digit of 17780894?
9
What is the millions digit of 2178543654?
8
What is the hundred millions digit of 416107839?
4
What is the thousands digit of 968222589?
2
What is the hundred thousands digit of 1112250331?
2
What is the thousands digit of 106324018?
4
What is the units digit of 4338793393?
3
What is the units digit of 23262820?
0
What is the ten millions digit of 640746104?
4
What is the ten millions digit of 213812593?
1
What is the millions digit of 819515885?
9
What is the hundred millions digit of 337152223?
3
What is the hundreds digit of 82504637?
6
What is the hundreds digit of 368160355?
3
What is the hundred thousands digit of 42573189?
5
What is the tens digit of 19870426?
2
What is the hundreds digit of 21723810?
8
What is the millions digit of 44118721?
4
What is the hundred thousands digit of 7824132?
8
What is the hundred thousands digit of 44541343?
5
What is the hundreds digit of 2372851930?
9
What is the hundred millions digit of 306285367?
3
What is the millions digit of 2818231348?
8
What is the hundred millions digit of 545245495?
5
What is the units digit of 391701453?
3
What is the tens digit of 24380652?
5
What is the units digit of 554793999?
9
What is the tens digit of 116352494?
9
What is the ten thousands digit of 90035082?
3
What is the ten millions digit of 126980562?
2
What is the ten thousands digit of 6738359000?
5
What is the hundred millions digit of 401751479?
4
What is the hundreds digit of 139204439?
4
What is the tens digit of 15210995?
9
What is the ten thousands digit of 5381256718?
5
What is the hundred thousands digit of 2052786962?
7
What is the hundred thousands digit of 927881618?
8
What is the tens digit of 550944807?
0
W